6, h = n - 4*h + 12. Let u(t) = -5*t + 16. Let w(l) = n*u(l) + 11*j(l). Calculate w(m).
-2
Let s(m) = -16*m - 27. Let w(p) = -37*p - 53. Let c(y) = 7*s(y) - 3*w(y). Give c(-10).
-20
Let c be (1 + 3/(-9))/((-1)/15). Let k be (c + -2)*-1*2/6. Suppose 0 = k*z - 4*n - 4, 0*n + 5 = -z - 5*n. Let x(p) = -p**2 - p + 6. Determine x(z).
6
Let y = 421 - 412. Let l be (-11 - (y - 12)) + (-1 - -1). Let h(w) = w - 11. Give h(l).
-19
Suppose 2*p = 3*b + 33, 0*b - 2*b - 66 = -5*p. Let i(t) be the third derivative of -t**4/12 + 5*t**3/3 + 39*t**2 - 3. Give i(p).
-14
Let h(c) be the first derivative of 13*c**2/2 - 43*c - 13905. Give h(4).
9
Let v(u) = u**3 - 3*u**2 - 13*u + 42. Let z be v(3). Let b(s) = -1 + z*s - 11*s - 5 + 2. What is b(-3)?
20
Let q(n) = -2*n**3 + 25*n**2 + 147*n - 20. Let r(y) = y**3 - 13*y**2 - 80*y + 12. Let j(o) = -6*q(o) - 11*r(o). Calculate j(8).
36
Let t = 1864 - 1872. Let o(k) = -k**3 - 8*k**2 + 2*k + 5. Determine o(t).
-11
Let o(f) = -171*f**2 + 17*f + 13. Let v(p) = -117*p**2 + 12*p + 9. Let j(t) = 5*o(t) - 7*v(t). What is j(-1)?
-35
Let k(f) = -3*f + 7. Suppose 637 = 7*l + 609. Let q(h) = -h**2 + 24*h - 74. Let g be q(l). What is k(g)?
-11
Let u(f) = 14*f - 8. Let x = 8525 + -8523. Determine u(x).
20
Suppose 5*v = -3156 + 3166. Let c(i) = 2*i + 16. Determine c(v).
20
Suppose -89 = -3*h - 12*j + 8*j, 2*h + 2*j = 58. Let w be (147/(-441))/(1/h). Let o(y) be the first derivative of -y**3/3 - 4*y**2 + 6*y + 1. Calculate o(w).
-3
Suppose 0 = -31*d + 251 + 152. Let u(q) = -14*q + 0*q**2 + q**2 + 39*q + 4 - d*q. What is u(-11)?
-7
Let q(a) = -3*a + 5. Suppose 46*y + 1588 = 1312. Give q(y).
23
Let i(w) = w**2 + 3*w + 8. Let f be 779/2 - (-33)/22. Let o = f - 397. Determine i(o).
26
Let q(s) = 33*s**3 + 0 - 6*s**3 + 1 - 2*s. Let k(c) = c**2 - 5418*c - 10839. Let p be k(-2). Determine q(p).
26
Let f(a) be the third derivative of a**7/420 + a**6/360 + a**4/12 - 13*a**3/6 - 8*a**2 - 3. Let q(g) be the first derivative of f(g). What is q(-2)?
-10
Let g be 4*(-24 + 270/12). Let u(l) be the first derivative of l**2/2 - l - 1. Calculate u(g).
-7
Let v(l) = 4*l**3 - 8*l**2 - 5. Let h(f) = 6*f**3 - 15*f**2 + f - 9. Let a(m) = 3*h(m) - 5*v(m). Calculate a(-3).
-2
Let p(s) be the first derivative of s**4/4 + 10*s**3/3 + 7*s**2 + 9*s + 1021. Give p(-9).
-36
Let m(x) be the first derivative of 1/3*x**3 - 3/2*x**4 - x - 21 - 1/2*x**2. Let q(o) = 19*o - 1. Let z be q(0). Give m(z).
7
Let q(h) = 5*h**2 + 2*h + 1. Let k(m) = -m**2 + 76*m + 580. Let c be k(83). Give q(c).
4
Let i(f) = f**3 + 10*f**2 + 9*f + 3. Let v(b) = -5*b - 8. Let k be v(-2). Suppose -o = -k - 16. Suppose o = 2*w - 4*w. Calculate i(w).
3
Let f be (-515)/412*(2 - -2). Let w(a) = -5*a - 7. Give w(f).
18
Let f(y) = -68*y + 66. Let v be -5 - (8 + -8) - 6/(-1). Let d be f(v). Let z(a) be the second derivative of -a**5/20 - a**4/4 - a**3/2 - a**2 + a. Give z(d).
0
Suppose -3*w = u + 1, 4*u - u + w - 5 = 0. Suppose 0 = u*s + 2*j - 0*j - 114, -j - 163 = -3*s. Suppose -4*v - 19 = -s. Let q(m) = -m**2 + 7*m + 9. What is q(v)?
-9
Let u(c) = -15*c**2 + 2*c. Let w(p) = 44*p**2 - 7*p + 1. Let i(b) = -7*u(b) - 2*w(b). Determine i(1).
15
Let m(c) = c**3 - 2*c**2 - c + 2. Let w be m(3). Let t(g) be the third derivative of g**5/60 - 7*g**4/24 - g**3/2 - 6*g**2 - 4. Give t(w).
5
Let k(w) = 16*w + 123. Let u be ((-4 - -3) + 3)/1. Let p(j) = -5*j - 41. Let i(x) = u*k(x) + 7*p(x). Let s be i(-12). Let v(m) = -m**2 - 3*m + 7. Give v(s).
-3
Let m(y) be the second derivative of -y**5/20 + 5*y**4/12 - 2*y**3/3 + 10*y**2 + 7648*y. What is m(5)?
0
Suppose 0 = -5*w + 5*q - 15, 7*w + 30 = -q - 23. Let b(s) = s**2 - 13*s - 137. What is b(w)?
3
Let u(j) = -j**3 - 5*j**2 - 7*j. Let o be u(-3). Suppose 5*a = 2*a + o. Let l be (14 + a)*4/12. Let x(i) = -3*i - 4. Determine x(l).
-19
Let u be (-45)/21 - -2 - (-2185)/1330. Let d(r) be the second derivative of 10*r + 0 - 1/6*r**3 + u*r**2. What is d(5)?
-2
Let p(k) = 0*k + 951 - 2*k - 1902 + 953 - k. Let r = 2 - 4. Determine p(r).
8
Suppose 0 = -r - 4*z + 26, -3 = -2*z + 5. Let j(x) = -2*x + 3*x - 3*x + 2 - r. Give j(-7).
6
Let l(k) = -2*k + 4. Let r(y) = 5*y - 25. Let u(a) = -5*l(a) - r(a). Let m(p) = -6*p**3 + 2*p**2 - 9*p + 8. Let o be m(1). What is u(o)?
-20
Suppose 3*c = 68*o - 71*o + 39, 0 = 2*o - 5*c + 16. Let g(v) = v**3 - 8*v**2 + 3*v + 5. Give g(o).
-23
Let v(d) be the first derivative of -71*d**2/2 + 133*d + 10729. What is v(2)?
-9
Let u(p) = -p**3 + 5*p**2 + 8*p - 6. Let l be u(6). Let k(c) = c - 4 + l - 3. Suppose 3*x + 2*b + 16 = 0, -4*x - 4*b - 10 = 10. Determine k(x).
-7
Let c(d) be the first derivative of -35*d**2/2 + 250*d + 327. What is c(7)?
5
Suppose 0 = -8938*f + 8897*f + 656. Let h(j) = -j**3 + 17*j**2 - 17*j + 30. Calculate h(f).
14
Suppose -31*d - 41*d = 76*d - 296. Let u(f) = -2*f**2 + 7*f - 13. Calculate u(d).
-7
Let x(m) = m + 17. Let u(a) = 4*a + 24. Let d(l) = 3*u(l) - 5*x(l). Give d(-11).
-90
Let o(y) be the first derivative of y**3/3 - 19*y + 696. Give o(6).
17
Let v(o) be the first derivative of o**5/20 + 11*o**4/12 + 7*o**3/6 - 11*o**2 + 129*o - 284. Let a(b) be the first derivative of v(b). Give a(-10).
8
Let o = 22 - 16. Let b(r) be the first derivative of -r**2/2 + 3*r + 17861. What is b(o)?
-3
Let i(k) = 17*k + 31. Let s(l) = -15*l - 41. Let z(r) = -4*i(r) - 3*s(r). Let b be -2 + 3/(6/2). Calculate z(b).
22
Let i(n) = 3*n - 5. Let d(s) = -3 + 0 - 7 + 9*s - 4. Let z(l) = 3*d(l) - 8*i(l). Suppose -2*h = 3*j - 1, 7*h - 2*h + 3*j - 7 = 0. Calculate z(h).
4
Let w be 11*((-2)/4)/(4/(-8)). Let d(b) = -2*b**3 + 33*b**2 + 5*b + 9. Let j(r) = r**3 - 16*r**2 - 3*r - 5. Let g(l) = -6*d(l) - 13*j(l). Calculate g(w).
-11
Let u(m) = -m**2 - m + 52. Let v(p) = -4*p**2 - 34*p + 107. Let l(c) = -2*u(c) + v(c). Calculate l(-16).
3
Suppose -v + 2*v = 5*x + 2, 2 = x - v. Let u be 9/(162/(-12))*6*x. Let s(y) = -y + 15. Let i(h) = -5. Let l(r) = 8*i(r) + 3*s(r). Determine l(u).
-7
Let v(a) = a**2 + 3*a + 3. Let u = -252 - -96. Let d = u + 237. Let c = d + -85. What is v(c)?
7
Let b(x) be the second derivative of 5*x**4/12 + x**3/3 + 12*x**2 - 182*x. Let f(g) = -4*g**2 - g - 22. Let p(y) = 5*b(y) + 6*f(y). What is p(-6)?
0
Let g(v) be the third derivative of v**5/120 - v**4/6 - v**3/3 + v**2. Let i(m) be the first derivative of g(m). Suppose -163 = -32*t - 163. What is i(t)?
-4
Let b(w) be the first derivative of 7*w**4/2 + w**3/3 + 10. Let z(u) = -14*u + 13. Let l be z(1). Give b(l).
-13
Let d(c) = 5*c**3 + 4*c - 3. Let n = 270 - 272. Let h be n/(9/(-36)*4). Determine d(h).
45
Let m(g) = -g + 7. Let o(i) be the first derivative of i**3/3 - 17*i**2 - 30*i - 282. Let u be o(35). Determine m(u).
2
Suppose 4 + 0 = x. Let c(f) = 0 - 4 + 7 + 571*f - 570*f - 4. Give c(x).
3
Let a(y) = 28*y + 12. Let h(f) = 2*f + 2. Let m(g) = -a(g) + 12*h(g). Determine m(10).
-28
Let x(d) = -5591*d + 2793*d + 14 + 2792*d. What is x(-2)?
26
Let g(o) be the third derivative of o**6/120 + o**5/6 - o**4/24 - 11*o**3/3 - 585*o**2. What is g(-10)?
-12
Let x(b) = 20*b - 7 + 18*b + 29*b - 79*b + 19*b. What is x(1)?
0
Suppose 0 = -2*t + 115 - 107. Let g(o) = -9*o**2 + o - 7 + 2 + t. Suppose -5*u + 12 = 2*m, -3*m + 3*u - 2 = m. Calculate g(m).
-9
Let l(q) = 9*q**3 - 5*q**2 + 13*q - 16. Let f(a) = 5*a**3 - 3*a**2 + 7*a - 9. Let r = 3 + 0. Let i(j) = r*l(j) - 5*f(j). What is i(2)?
21
Let l be (1 + 0 + 11)/((18600/(-80))/155). Let h(d) = 2*d**2 + 30*d + 111. What is h(l)?
-1
Suppose 5*u - 18 = d + d, -3*d = -2*u + 16. Let l(n) be the first derivative of -4*n + 7*n + n - 8 - 6 + n**u. Determine l(-4).
-4
Suppose -4*x + x = -9. Let b(g) be the third derivative of 0 - 1/60*g**5 - 63*g**2 - 1/6*g**3 + 1/12*g**4 + 0*g. What is b(x)?
-4
Let z be ((741/(-76))/(3/(-4)))/1. Suppose 2*v = 4*y + 28, 19 = -v - 5*y - 2. Let l(c) = -1 + z + 5*c - v*c + 3. Determine l(0).
15
Let w(v) = -v**3 + 10*v**2 - 5*v - 58. Let f(j) = -15. Let d(b) = -4*f(b) + w(b). Determine d(7).
114
Let r(f) be the first derivative of f**2/2 + 48*f - 4350. Calculate r(-11).
37
Suppose 2*s - 203 = -3*v + 293, -4*v + 688 = -4*s. Suppose 17*t - 36 = v. Let x(k) = k**2 - 14*k + 20. Calculate x(t).
-4
Let k(l) be the first derivative of -l**4/4 - 5*l**3/3 + 69*l**2/2 + 34*l - 7432. Calculate k(-11).
1
Let k(r) = r + 3. Let v(u) = 4. Le